491.
3, 19, 13392763
List the prime factors of 145553755.
5, 29, 1003819
What are the prime factors of 233456498?
2, 11, 10611659
List the prime factors of 149674936.
2, 17, 463, 2377
List the prime factors of 1262146628.
2, 17321, 18217
List the prime factors of 94631322.
2, 3, 1153, 13679
List the prime factors of 156727457.
101, 1551757
What are the prime factors of 64048232?
2, 31, 41, 6299
What are the prime factors of 61299297?
3, 17, 521, 769
What are the prime factors of 50572059?
3, 17, 883, 1123
What are the prime factors of 4793661683?
17, 281980099
What are the prime factors of 65067976?
2, 17, 478441
List the prime factors of 401768864.
2, 7, 1793611
List the prime factors of 7400568.
2, 3, 7, 29, 31
List the prime factors of 9405921.
3, 7, 447901
List the prime factors of 887656469.
7, 126808067
What are the prime factors of 2556681789?
3, 29, 3593, 8179
What are the prime factors of 18154221?
3, 6051407
List the prime factors of 73661764.
2, 11, 109, 15359
List the prime factors of 241096154.
2, 13, 41, 226169
What are the prime factors of 132943112?
2, 16617889
List the prime factors of 3414155533.
3414155533
What are the prime factors of 5738522?
2, 43, 53, 1259
List the prime factors of 3594036836.
2, 13, 43, 229, 7019
List the prime factors of 632111217.
3, 151, 1091, 1279
List the prime factors of 185622486.
2, 3, 7, 43, 14683
List the prime factors of 4348891552.
2, 6761, 20101
List the prime factors of 29356563.
3, 2399, 4079
What are the prime factors of 35438696?
2, 29, 152753
What are the prime factors of 398851432?
2, 7, 103, 69149
What are the prime factors of 433404274?
2, 109, 193, 10301
List the prime factors of 1265594009.
19, 383, 173917
What are the prime factors of 221913?
3, 8219
What are the prime factors of 580212?
2, 3, 71, 227
List the prime factors of 156221064.
2, 3, 43, 50459
List the prime factors of 1365352891.
7, 97, 887, 2267
List the prime factors of 1112422861.
11, 29, 3487219
What are the prime factors of 1374050882?
2, 31, 59, 149, 2521
What are the prime factors of 18166005?
3, 5, 11, 13, 941
List the prime factors of 50068997.
11, 89, 199, 257
List the prime factors of 308015011.
23, 103, 5653
List the prime factors of 25530207.
3, 23, 370003
List the prime factors of 116172949.
116172949
List the prime factors of 22283433.
3, 1039, 2383
List the prime factors of 96873661.
8689, 11149
What are the prime factors of 67929228?
2, 3, 1886923
List the prime factors of 1283406994.
2, 7333, 87509
List the prime factors of 24244085.
5, 701, 6917
What are the prime factors of 18790031?
13, 19, 127, 599
What are the prime factors of 18818852?
2, 13, 361901
What are the prime factors of 41957845?
5, 73, 139, 827
List the prime factors of 1365766144.
2, 333439
What are the prime factors of 3619358949?
3, 29, 823, 50549
What are the prime factors of 36216007?
23, 37, 42557
What are the prime factors of 2874693?
3, 223, 4297
What are the prime factors of 70967336?
2, 11, 806447
List the prime factors of 340614471.
3, 113538157
List the prime factors of 1084974149.
7, 2213, 70039
List the prime factors of 794240195.
5, 7, 22692577
What are the prime factors of 141611640?
2, 3, 5, 29, 40693
List the prime factors of 909972891.
3, 101108099
List the prime factors of 2271918565.
5, 7, 1613, 5749
What are the prime factors of 98978585?
5, 337, 58741
List the prime factors of 360899720.
2, 5, 9022493
List the prime factors of 683180251.
13, 52552327
List the prime factors of 396424379.
13, 19, 1604957
List the prime factors of 224399969.
224399969
List the prime factors of 13755108.
2, 3, 17, 67427
What are the prime factors of 2705732160?
2, 3, 5, 2818471
List the prime factors of 1190105980.
2, 5, 7, 8500757
What are the prime factors of 32716948?
2, 11, 23, 2939
List the prime factors of 61885302.
2, 3, 139, 74203
List the prime factors of 23635855.
5, 4727171
What are the prime factors of 237080160?
2, 3, 5, 61, 2699
List the prime factors of 35017240.
2, 5, 373, 2347
List the prime factors of 729132156.
2, 3, 179, 113149
List the prime factors of 36558127.
43, 850189
What are the prime factors of 780497868?
2, 3, 157, 414277
What are the prime factors of 206350411?
23, 8971757
What are the prime factors of 944192756?
2, 13, 18157553
List the prime factors of 160962371.
109, 1476719
List the prime factors of 572865486.
2, 3, 95477581
What are the prime factors of 47627157?
3, 1069, 14851
List the prime factors of 2198530800.
2, 3, 5, 610703
What are the prime factors of 322887056?
2, 20180441
List the prime factors of 44384154.
2, 3, 1583, 4673
What are the prime factors of 1579109020?
2, 5, 5653, 13967
What are the prime factors of 216952835?
5, 11, 3944597
List the prime factors of 1643558206.
2, 1571, 523093
What are the prime factors of 1175909296?
2, 89, 825779
What are the prime factors of 3483180211?
7, 11317, 43969
List the prime factors of 130513608.
2, 3, 1812689
List the prime factors of 610115.
5, 11, 11093
List the prime factors of 509634.
2, 3, 23, 1231
List the prime factors of 596343782.
2, 17, 647, 27109
List the prime factors of 176524607.
7, 514649
List the prime factors of 2931206833.
2931206833
What are the prime factors of 883583759?
4273, 206783
What are the prime factors of 687172611?
3, 229057537
List the prime factors of 26046659.
1019, 25561
List the prime factors of 102916060.
2, 5, 13, 59, 6709
List the prime factors of 281961582.
2, 3, 7, 281, 3413
What are the prime factors of 342872793?
3, 38096977
What are the prime factors of 1677814498?
2, 838907249
List the prime factors of 50871409.
1627, 31267
What are the prime factors of 599152374?
2, 3, 1381, 24103
List the prime factors of 489134280.
2, 3, 5, 641, 6359
What are the prime factors of 329931462?
2, 3, 7, 71, 110641
List the prime factors of 354162577.
43, 83, 99233
List the prime factors of 192244002.
2, 3, 71, 451277
List the prime factors of 2704196779.
23, 41, 673, 4261
List the prime factors of 744533207.
11, 17, 23, 15737
List the prime factors of 1651375426.
2, 59, 2473, 5659
What are the prime factors of 306826871?
13, 31, 761357
List the prime factors of 58709879.
223, 263273
What are the prime factors of 2061915440?
2, 5, 13, 1982611
What are the prime factors of 24248388?
2, 3, 43, 46993
What are the prime factors of 1567802371?
1567802371
What are the prime factors of 451760151?
3, 701, 214817
What are the prime factors of 63571519?
11, 487, 11867
List the prime factors of 197024340.
2, 3, 5, 811, 4049
What are the prime factors of 187716407?
53, 1181, 2999
What are the prime factors of 886957774?
2, 47, 9435721
What are the prime factors of 22918252?
2, 7, 818509
What are the prime factors of 30820246?
2, 15410123
List the prime factors of 28425810.
2, 3, 5, 7, 223, 607
What are the prime factors of 803576687?
4049, 198463
List the prime factors of 45387395.
5, 23, 394673
What are the prime factors of 1169358625?
5, 9354869
List the prime factors of 94092211.
29, 3244559
What are the prime factors of 14298392?
2, 29, 61631
What are the prime factors of 101592261?
3, 227, 49727
List the prime factors of 33203014.
2, 13, 1277039
What are the prime factors of 27765318?
2, 3, 7, 17, 37, 1051
What are the prime factors of 175083768?
2, 3, 270191
What are the prime factors of 274292461?
149, 397, 4637
What are the prime factors of 517930164?
2, 3, 941, 15289
List the prime factors of 160435172.
2, 4261, 9413
What are the prime factors of 660680522?
2, 103, 3207187
What are the prime factors of 1202041167?
3, 16661, 24049
List the prime factors of 703701000.
2, 3, 5, 67, 389
List the prime factors of 774294913.
7, 139, 113683
List the prime factors of 181776971.
17, 19, 151, 3727
What are the prime factors of 6931370550?
2, 3, 5, 13, 1723, 2063
List the prime factors of 66912812.
2, 16728203
What are the prime factors of 53591716?
2, 877, 15277
What are the prime factors of 32452304?
2, 19, 106751
What are the prime factors of 117418908?
2, 3, 37, 373, 709
List the prime factors of 470541648.
2, 3, 73, 134287
List the prime factors of 8651397276.
2, 3, 29, 37, 7723
What are the prime factors of 9114177?
3, 41, 74099
List the prime factors of 2277168867.
3, 19, 700883
What are the prime factors of 441576378?
2,